{"id":67,"date":"2020-03-15T16:45:54","date_gmt":"2020-03-15T16:45:54","guid":{"rendered":"http:\/\/maxwell-in-motion.org\/?page_id=67"},"modified":"2022-04-03T08:03:49","modified_gmt":"2022-04-03T08:03:49","slug":"impressum","status":"publish","type":"page","link":"https:\/\/maxwell-in-motion.org\/?page_id=67","title":{"rendered":"Impress"},"content":{"rendered":"\n<p>Maxwell in Motion e.V.<br>c\/o Technische Universit\u00e4t Darmstadt<br>Institut f\u00fcr Teilchenbeschleunigung und elektromagnetische Felder<br>Schlo\u00dfgartenstra\u00dfe 8<br>D-64289 Darmstadt<\/p>\n\n\n\n<p>Register court: Darmstadt<br>Register number: VR 82997<br>Management board: Herbert De Gersem (chairman), Rolf Schuhmann (deputy chairman), Ulrich R\u00f6mer (treasurer)<\/p>\n\n\n\n<p>URL: <a href=\"https:\/\/maxwell-in-motion.org\">https:\/\/maxwell-in-motion.org<\/a><\/p>\n","protected":false},"excerpt":{"rendered":"<p>Maxwell in Motion e.V.c\/o Technische Universit\u00e4t DarmstadtInstitut f\u00fcr Teilchenbeschleunigung und elektromagnetische FelderSchlo\u00dfgartenstra\u00dfe 8D-64289 Darmstadt Register court: DarmstadtRegister number: VR 82997Management board: Herbert De Gersem (chairman), Rolf Schuhmann (deputy chairman), Ulrich R\u00f6mer (treasurer) URL: https:\/\/maxwell-in-motion.org<\/p>\n","protected":false},"author":2,"featured_media":0,"parent":0,"menu_order":0,"comment_status":"closed","ping_status":"closed","template":"","meta":{"inline_featured_image":false,"footnotes":""},"categories":[],"tags":[],"class_list":["post-67","page","type-page","status-publish","hentry"],"_links":{"self":[{"href":"https:\/\/maxwell-in-motion.org\/index.php?rest_route=\/wp\/v2\/pages\/67","targetHints":{"allow":["GET"]}}],"collection":[{"href":"https:\/\/maxwell-in-motion.org\/index.php?rest_route=\/wp\/v2\/pages"}],"about":[{"href":"https:\/\/maxwell-in-motion.org\/index.php?rest_route=\/wp\/v2\/types\/page"}],"author":[{"embeddable":true,"href":"https:\/\/maxwell-in-motion.org\/index.php?rest_route=\/wp\/v2\/users\/2"}],"replies":[{"embeddable":true,"href":"https:\/\/maxwell-in-motion.org\/index.php?rest_route=%2Fwp%2Fv2%2Fcomments&post=67"}],"version-history":[{"count":6,"href":"https:\/\/maxwell-in-motion.org\/index.php?rest_route=\/wp\/v2\/pages\/67\/revisions"}],"predecessor-version":[{"id":351,"href":"https:\/\/maxwell-in-motion.org\/index.php?rest_route=\/wp\/v2\/pages\/67\/revisions\/351"}],"wp:attachment":[{"href":"https:\/\/maxwell-in-motion.org\/index.php?rest_route=%2Fwp%2Fv2%2Fmedia&parent=67"}],"wp:term":[{"taxonomy":"category","embeddable":true,"href":"https:\/\/maxwell-in-motion.org\/index.php?rest_route=%2Fwp%2Fv2%2Fcategories&post=67"},{"taxonomy":"post_tag","embeddable":true,"href":"https:\/\/maxwell-in-motion.org\/index.php?rest_route=%2Fwp%2Fv2%2Ftags&post=67"}],"curies":[{"name":"wp","href":"https:\/\/api.w.org\/{rel}","templated":true}]}}